7
Suppose 7*q - 15*q + 1728 = 0. What is the hundreds digit of q?
2
Suppose -4470 = -15*l + 9*l. What is the tens digit of l?
4
Let r = -466 + 1770. What is the units digit of r?
4
Let r = 4141 + -2176. What is the tens digit of r?
6
Let y(i) = -i**3 + 9*i**2 + 8*i + 22. Let r be y(10). Suppose r*b - 309 = -65. What is the units digit of b?
2
Let g be 4 - 12/3 - 0. Suppose -3*o + g*u - 3*u = 24, -o - 5 = 4*u. What is the units digit of 4/(-1)*(o - 3)?
8
Suppose -780 = -4*v - 4*z, -7*z = -2*z + 25. Suppose v = 2*g + 2*r, -152 - 60 = -2*g - 5*r. What is the tens digit of g?
9
Suppose 0*l + 5 = 5*l, -3*l = 2*s + 5. What is the units digit of -2 - ((-1 - s) + -18)?
3
Let b(p) = p**3 - p**2 - 28*p - 39. What is the tens digit of b(15)?
9
Let f(t) = 661*t**2 - 60*t - 124. What is the units digit of f(-2)?
0
Let p(s) = s**3 - 2*s - 1. Suppose -4*f - 8*d = -4*d - 12, -3*f + d = -13. What is the tens digit of p(f)?
5
Suppose 114*o - 4*n - 2020 = 110*o, 0 = -4*o + n + 2035. What is the tens digit of o?
1
Suppose 2*w + 3*l - 198 = 0, -5*l = -3 - 7. Suppose 12*q = 18*q - w. What is the units digit of q?
6
Let a(r) = 2*r**2 - 21*r + 85. What is the hundreds digit of a(25)?
8
Let y = 930 - 645. What is the hundreds digit of y?
2
Let z(y) = -55*y + 48. What is the hundreds digit of z(-6)?
3
Let v(m) = 353*m**2 - 14*m + 13. What is the units digit of v(1)?
2
What is the tens digit of (7 - 4 - -4) + 2532?
3
Suppose 3*k - 4*y - 6 = 0, -3*y = -2*k - 3*k + 10. What is the units digit of k + 0/2 + (-3 - -24)?
3
Let x(u) = -u**2 - 12*u - 13. Let c be x(-7). Suppose k = 3*k - c. What is the tens digit of k?
1
Suppose -2*d = -2*x - 4, 3*d - 5*x - 10 = -0*d. Suppose d = -5*b - 0*b + 265. What is the tens digit of b?
5
Let f(x) = x**2 - 2*x - 11. Let u be f(4). What is the units digit of u + ((-55)/(-5) - 3)?
5
Suppose -33*y = -39*y + 24. What is the units digit of y?
4
Let m be (5 - 16/(-4)) + -4. What is the units digit of (8/m)/(2/105)?
4
Let h(w) = -w**3 - 5*w**2 - 15*w + 9. What is the units digit of h(-5)?
4
Let y be (-3)/(-10)*-2 + (-32)/(-20). Let f(k) = k + 8. Let z be f(-4). Suppose -z = -3*d - y. What is the units digit of d?
1
Suppose 2362 = -8*c + 8066. What is the tens digit of c?
1
Let r(m) = 2*m**3 + 18*m**2 - 2*m - 12. Let t be r(-9). Suppose -4*k - 5*g + 1014 = 0, 2*g + 1263 = 5*k + t*g. What is the units digit of k?
1
Suppose 2*n = 6*n + 88. Let s = 27 + n. Suppose a - 129 - 132 = -5*r, s*a = r - 47. What is the units digit of r?
2
Suppose 0 = -i + 5*r + 519, 5*i - 2151 = i - 5*r. Suppose -10*q + i = -4*q. What is the tens digit of q?
8
What is the units digit of 1250/4 - (-10)/(-4)?
0
Let g(b) = 2105*b**2 - 25*b + 25. What is the thousands digit of g(1)?
2
Suppose -3874 = -5*m - 5*i + i, -2*i = 3*m - 2324. What is the units digit of m?
4
Suppose -4*z - 4*k - 531 = -23, 0 = 3*k - 12. Let r = -96 - z. What is the units digit of r?
5
Suppose -12 = -4*t - 0. Suppose -2*o + 70 = i - 4*o, 0 = -o - t. What is the units digit of i?
4
What is the units digit of (2 - (-1179)/(-1))*-1?
7
Let d(m) = -5*m - 23. Let u be d(-7). What is the units digit of 0 + 1 + u + -11?
2
Let r(a) = -a**2 + 14*a - 3. Let f = -15 + 28. Let j be r(f). Suppose -2*n - 4 = 5*o, -4*n - 2*o = -o - j. What is the units digit of n?
3
Suppose -16*o = 1101 + 1219. What is the tens digit of (-29)/o + 1219/5?
4
Suppose -3*u + 13 = 1. Let q = u + -2. Suppose 0 = -s + q*i, -s + 0*s - 3*i = -20. What is the units digit of s?
8
Let o(u) = -u**3 - 12*u**2 + 3. Let v be o(-12). Suppose v*y - 4*q = -q + 477, 4*q + 16 = 0. What is the hundreds digit of y?
1
Let k = 51 + -44. Suppose k*y - 252 = 5*y. What is the hundreds digit of y?
1
Let y = 1055 - 531. Suppose 4*t + y = 4*j, -3*j - 391 = -6*j + t. What is the units digit of j?
0
Suppose -h - 2375 = -5*j, 0*j - j + 5*h + 451 = 0. What is the hundreds digit of j?
4
Suppose -3*j + 4*x = 2*x - 1220, 4*j + 2*x = 1650. What is the units digit of j?
0
Suppose -5*p + 1076 = 3*c, -3*c - 3*p + 1080 = -0*p. Let r = c + -165. What is the hundreds digit of r?
1
Let c = 4 - 2. Suppose 0*y - 4*y + 16 = 0. Suppose 6 = c*j - y. What is the units digit of j?
5
Suppose -2*t + 12 = 2. Suppose t = j + 3. Suppose 0 = -2*s + 3*u + 34, 0*s + j*s + 4*u = 20. What is the tens digit of s?
1
Let q = 65 + 2. Let d = q - 10. Suppose -6*k + d = -3*k. What is the tens digit of k?
1
Let n(j) = -2*j**2 + 21*j. Let s be n(13). What is the tens digit of (2 - s) + 0 + -4?
6
Let h be 10/(-4)*20/(-1). Let t = 306 - h. What is the units digit of t?
6
Let l(h) = h**3 - 2*h**2 - 9*h + 3. Let g be l(7). Suppose 5*x - g = 3*r, -2*x - 3*r = 2*r - 105. What is the units digit of x?
0
Let y(x) = -x**2 - 6*x - 6. Let k be y(-4). Suppose k*r = -0*r. Suppose 0 = 3*z - r*z - 132. What is the units digit of z?
4
Let k(m) = m**2 - 47*m + 479. What is the thousands digit of k(61)?
1
Suppose 28*x - 17*x = 66. What is the units digit of x?
6
Let c be 1/((15/(-63))/5). Let r be (-35)/c - (-3)/9. Suppose -22 = -g - r*o, 0*g - 5*g + 62 = -2*o. What is the units digit of g?
4
Let h(g) = 2*g + 353. What is the hundreds digit of h(0)?
3
Let z be 10/(3/((-318)/(-4))). Suppose 0 = -4*f - 3*b + 531, -z = -5*f + 3*f - b. What is the tens digit of f?
3
Suppose 4*d - 18 = -6. Let o be ((1 - -2) + -4)*d. What is the tens digit of (-6)/(-1)*(-22)/o?
4
Suppose 0 = 18*j - 5108 - 274. What is the hundreds digit of j?
2
Let p(a) = a**2 - 4*a + 5. Let j(d) = d - 6. Let k be j(6). Suppose -5*y + 9 + 6 = k. What is the units digit of p(y)?
2
Let q(z) = 71*z - 4 - 7 + 7. What is the tens digit of q(2)?
3
Let q = -116 + 128. Let o(g) = 9*g + 11. What is the units digit of o(q)?
9
Let m be -1 - -5 - 1/(-1). Suppose -2*l + 2*y = 2, 3*l + 3 = m*y - 8. What is the units digit of l?
3
Suppose 21*v + 6 = 22*v. Let i(b) = b**2 + 1. Let y be i(0). Let c = y + v. What is the units digit of c?
7
What is the tens digit of 0 - 0 - (743 - 8)/(-3)?
4
Suppose 0 = -5*i + 5*o - 255, -3*i + 7*o - 2*o = 159. Let s = -24 - i. What is the tens digit of s?
2
Let y(g) = g**3 + 13*g**2 - 17*g + 17. Let i be y(-14). Suppose 2*b - i = 105. What is the tens digit of b?
8
Let r(a) = 2*a + 22. Let n be r(-15). What is the units digit of (-6)/n + (-650)/(-8)?
2
Let v be (1 + 0)/(17/629). Suppose -5*g = -15, -5*b - 2*g + 593 = v. What is the tens digit of b?
1
Suppose p + 161 = 8*p. Suppose 0 = -27*x + p*x + 456. What is the hundreds digit of x?
1
Let g(v) be the third derivative of v**4/6 + 7*v**3/2 + 3*v**2. What is the units digit of g(5)?
1
Let a(t) = 68*t**2 - 2. Let j be a(-1). Let n = j - 2. What is the units digit of n?
4
Let i = -23 + 76. Suppose 0*v + v = i. What is the units digit of v?
3
Let m(c) = 5*c**3 + 27*c**2 - 12*c + 4. Let k(g) = 3*g**3 + 18*g**2 - 8*g + 3. Let s = -6 - -14. Let i(l) = s*k(l) - 5*m(l). What is the units digit of i(8)?
6
Let g = 266 - -291. What is the units digit of g?
7
Suppose 0*q - 3*u - 260 = -2*q, q + 5*u = 156. Suppose 4*f = 4*b + 36, -4*f + 3*b + 21 = -19. Suppose f*l - 11*l = q. What is the units digit of l?
8
Let y(t) = 1515*t**2 - 11*t - 8. What is the tens digit of y(-1)?
1
Let l = 804 + -267. What is the hundreds digit of l?
5
Suppose 2*c = 2*j + 6*c - 2420, 2*c + 3590 = 3*j. What is the units digit of j?
0
Let r = -13 - -15. Suppose -r*n + 101 = -33. Let o = 114 - n. What is the units digit of o?
7
Let r(z) be the third derivative of 1/120*z**6 - 17/24*z**4 + 7*z**2 - 5/3*z**3 + 0*z + 1/5*z**5 + 0. What is the units digit of r(-13)?
2
Let b(w) = w**3 - 4*w**2 - 5*w + 1. Let d be b(5). Let v(q) = 4*q - 2*q**3 + 7 + q**3 + d - 6*q**2. What is the units digit of v(-7)?
9
Let h = 192 - 34. Suppose -2*l + 0*l + h = 0. What is the units digit of l?
9
Let w(u) = 302*u**2 - 9*u + 32. What is the hundreds digit of w(4)?
8
Suppose 2*a + 12 = 2*f - 4, -4*a - 4*f = 56. What is the units digit of (-3 - a/(-2))/(3/(-30))?
5
Let f = 4 - -6. Let q = 8 + f. Let p = 60 - q. What is the units digit of p?
2
Suppose -3*s + 5*s - 678 = 0. Suppose l = -5*g + 407, -2*l - 77 = -5*g + s. What is the units digit of g?
2
Suppose -6*t + 4*t + 4 = 0. Suppose t*y + 0*j = 2*j + 10, -4*y - 5*j + 2 = 0. Suppose 5*i - y - 27 = 0. What is the units digit of i?
6
What is the thousands digit of 2610 - (6/4 + 18/4)?
2
Suppose 5*q + 7444 = 3